 g(i) = 3*i**2 - 35*i + 36. Let u be g(12). Suppose u*l = -6819 + 33363. What are the prime factors of l?
7, 79
Let u(n) = -10*n + 12. Let m be u(1). What are the prime factors of 4/(-8) + 0 + 195/m?
97
Let h be (895/10 + (-4)/(-16))*28. Suppose -4*x + 7297 - h = 0. List the prime factors of x.
2, 13, 23
Let w(c) be the second derivative of -5*c**4/24 + c**3/6 - 17*c**2/2 + 9*c. Let q(i) be the first derivative of w(i). List the prime factors of q(-11).
2, 7
Suppose 3*y + 14413 = -34*t + 38*t, 5*t - y = 18008. List the prime factors of t.
13, 277
Let s be (7/(-21))/((-328)/324 + 1). Let u(t) = -t**3 + 25*t**2 + 64*t - 54. What are the prime factors of u(s)?
2, 3
Let d = 537 - 3253. Let p = -1626 - d. List the prime factors of p.
2, 5, 109
Let a(c) = 5779*c**2 - 8*c + 10. List the prime factors of a(1).
3, 41, 47
Let j = 9482 - 2969. What are the prime factors of j?
3, 13, 167
Let o(p) = -2*p**3 + 7*p**2 - 4*p + 4. Let y be o(4). Let r = -28 - y. Suppose r = 4*v + 3*v - 245. What are the prime factors of v?
5, 7
Suppose 4*x + 33786 = 4*g + 9770, 5*x - 6004 = -g. What are the prime factors of g?
2, 19, 79
Let p(c) = -c**2 + 17*c + 25. Let s(v) = v**3 - 6*v**2 + v + 11. Let y be s(6). Let m = y - 5. What are the prime factors of p(m)?
5, 17
Let p = -66 - -76. Suppose 17*u - p*u = -245. Let x = u - -79. List the prime factors of x.
2, 11
List the prime factors of 4/62 + 150098/62.
3, 269
Let j(d) = 432*d - 7570. List the prime factors of j(104).
2, 18679
Let a(n) be the first derivative of -17*n**2 - 3*n + 9. Let k be a(-4). Let g = k + -70. What are the prime factors of g?
3, 7
Let w = -11794 + 51683. List the prime factors of w.
113, 353
Let u(v) = 4*v + 53. Let g be u(-12). Let z(o) = 118*o - 20. Let f be z(g). Suppose 0 = 2*h - 5*p - 249, 0 = -5*h + 3*p - p + f. List the prime factors of h.
2, 7
Suppose 9*f - w - 428 = 6*f, -2*f - 4*w = -290. Let x = -136 + f. Suppose 69 = x*b - 4*b. What are the prime factors of b?
23
What are the prime factors of (549/(-36) + 7)/((-6)/3440)?
2, 5, 11, 43
Let t(u) = -u**3 - 93*u**2 - 421*u + 119. What are the prime factors of t(-90)?
13709
Suppose 45*r = 4*z + 49*r - 25320, 0 = -5*r - 10. List the prime factors of z.
2, 1583
Suppose 4*u + n = -n + 2176, 0 = 2*u - 3*n - 1088. Let j = u + -364. Suppose -x - 4*x = -2*s - 269, -3*x - 5*s + j = 0. What are the prime factors of x?
5, 11
Suppose -4*l = -4*z - 39 + 15, -4 = -l + 3*z. Let g(s) = -s**3 + 8*s**2 - 9*s + 16. Let q be g(l). Let u(y) = 18*y - 18. What are the prime factors of u(q)?
2, 3
Let h(l) = -3774*l + 617. List the prime factors of h(-3).
11939
Let g be ((-355)/213)/(-1 + 2/3). Suppose 0*f - g*j = -2*f + 997, 512 = f + 2*j. What are the prime factors of f?
2, 11, 23
Suppose -3*k = -0*k - k. Let v(w) = -w**2 + 3*w + 255. List the prime factors of v(k).
3, 5, 17
Let w = -63 + 63. What are the prime factors of 7 + -1 + 18 - w?
2, 3
Suppose 0 = 4*l, 0 = -4*o + l - 4*l + 28. Let d(h) = 5*h**2 + 34*h - 28. Let u(v) = v**2 + 3*v - 1. Let r(s) = d(s) - 6*u(s). List the prime factors of r(o).
41
Suppose 0 = 284*j - 285*j + 1952. Suppose 1960*n - j*n = 3272. List the prime factors of n.
409
Let x(a) be the second derivative of 13*a**4/2 + 5*a**3/6 - 5*a - 3. What are the prime factors of x(-2)?
2, 151
Let d(a) = 0 + 13*a + 2*a + 7. Suppose 16*p + 39*p - 900 = -5*p. List the prime factors of d(p).
2, 29
Suppose 26*m - 382028 = 515154. What are the prime factors of m?
11, 3137
Suppose 4*k - 79048 = -4*o, 130561 = 7*o + 4*k - 7791. List the prime factors of o.
2, 7, 353
Suppose 0 = 3*p - 4*n - 1044, 14*p - 9*p - 2*n = 1726. Suppose 0 = -4*r - 8 + p. List the prime factors of r.
2, 3, 7
Let i(f) = 4310*f**2 + 62*f - 29. What are the prime factors of i(-2)?
7, 2441
Suppose 3*p + 15608 = t, -2*t - 2*t = p - 62471. What are the prime factors of t?
7, 23, 97
Let w(x) be the third derivative of 301*x**4/24 + 7*x**3/2 + 37*x**2. Let n be w(-2). List the prime factors of (6 + 0)*n/(-21) + 0.
2, 83
Let d = -5108 - -3503. Let k = d + 2313. What are the prime factors of k?
2, 3, 59
Let q(r) = 191*r - 943. What are the prime factors of q(6)?
7, 29
What are the prime factors of ((-21)/6 - -7 - 3)/(1/46854)?
3, 19, 137
Let u = -19794 + 38096. List the prime factors of u.
2, 9151
Let j(o) be the second derivative of 49*o**3/6 - 113*o**2/2 + 37*o. What are the prime factors of j(7)?
2, 5, 23
Suppose -64*k = 5*l - 61*k - 68277, 0 = 5*l + k - 68269. What are the prime factors of l?
3, 37, 41
Let k = 403 - 50. Suppose -12*h - k + 3257 = 0. What are the prime factors of h?
2, 11
Let a(h) = -7*h - 1. Let c be a(-3). Let f(w) = -54 + c - 8*w - 26 + 37*w. What are the prime factors of f(9)?
3, 67
Let m(s) = 998*s + 11168. List the prime factors of m(28).
2, 4889
Suppose -468*n = 3*u - 465*n - 26907, 17910 = 2*u - 5*n. What are the prime factors of u?
5, 11, 163
List the prime factors of (6 - -173)*(7 + (-60)/8)*-162.
3, 179
Let z be 6/27 - 2748/(-27). Let q = z + 411. What are the prime factors of q?
3, 19
Suppose -3*a - 2*s + 4 + 2 = 0, 5*s = 15. Let n(q) = -5 + a*q - 6*q - 8*q**2 + 13 - 3*q + 3*q**3. What are the prime factors of n(5)?
2, 3, 23
Suppose 36*m - 81 = 27*m. Suppose -m*w + 1191 + 465 = 0. What are the prime factors of w?
2, 23
Suppose 4*s - 3*n = -0*s + 4, -5*n - 22 = s. List the prime factors of (9/s - -6)*346.
3, 173
Let o(m) = 1691*m - 928. What are the prime factors of o(6)?
2, 11, 419
Let j(u) = -155*u. Let z be j(3). Suppose d = 2*l + 384, 14*l - 3*d = 13*l - 172. Let h = l - z. List the prime factors of h.
269
Let w(m) = -12*m**3 + 7*m**2 - 7*m + 1. Let d be w(1). List the prime factors of 1786 + 1/(-2)*(7 + d).
2, 3, 149
Suppose 12 = 2*t + 4. Suppose -t*o = -3*o + 9*o. Suppose o*y + 436 = 4*g + 4*y, 347 = 3*g - y. What are the prime factors of g?
2, 3, 19
Let h = 191 - 189. Suppose h*l - 764 = 5*k, 24*l - 23*l - 377 = 5*k. List the prime factors of l.
3, 43
Suppose 0 = 6*a - 10275 - 1659. Suppose -5*i = -2*i - a. What are the prime factors of i?
3, 13, 17
Suppose -24*a - 10195 = -15073 - 35730. What are the prime factors of a?
2, 3, 47
Let p(g) = -g**3 + 3*g**2 + 21*g + 27. Let d be p(-10). Let y = -711 + d. List the prime factors of y.
2, 7, 29
Suppose 6*g - 132 = -4*x + 4*g, 0 = 2*x - 5*g - 54. Let l = x + 77. List the prime factors of l.
109
Let m(z) = z**2 - 9*z + 39. Let v be m(6). Suppose u + v = 8*u. Suppose -955 = -5*s - u*y, -5*y + 33 + 158 = s. What are the prime factors of s?
191
What are the prime factors of 86 - -64278 - (-1 + 11)?
2, 23, 1399
Let z(o) = 3*o**2 + 8*o. Let h = 99 - 72. Let f = 34 - h. What are the prime factors of z(f)?
7, 29
Let x be (0*(-6)/18)/(2 + -5). Suppose 5*r - 4441 - 1439 = x. What are the prime factors of r?
2, 3, 7
Let m = 74 + -68. Suppose r + 13 = -3*y + m*y, -2 = 2*r. Suppose y*d - 9*d = -1200. List the prime factors of d.
2, 3, 5
Let u be -6*25/30*-2. Suppose -14*k + 1124 = -u*k. What are the prime factors of k?
281
Let n be -6 - -2 - (-7 + 5). What are the prime factors of (32 - n)*(-1650)/(-44)?
3, 5, 17
Let j = 83 - 61. Let m = 22 - j. Suppose 3*h - 125 - 166 = m. List the prime factors of h.
97
Let v(u) = 17*u**2 + 182*u + 1694. What are the prime factors of v(-10)?
2, 787
Suppose 4*l = 3*o - 960, -3*l - 2*o = -8*l - 1193. Let h = 399 + l. List the prime factors of h.
2, 3
Let i = 298 - 310. Let r(q) = 2*q**2 + 20*q - 8. List the prime factors of r(i).
2, 5
Let u(f) = 5*f**3 - 2*f**2 + 9*f + 6. Let n(k) = k**2 - k - 1. Let b(q) = 5*n(q) + u(q). Let h be b(-1). What are the prime factors of (2 + 26/h)/(8/(-180))?
2, 3
Let j(q) = 29*q**2 + 4*q + 5. Let b be j(-5). Suppose 3*f = 4*v + 1173, 5*f - 1210 = -5*v + b. What are the prime factors of f?
3, 43
Suppose 3*q + 5*t + 511 = 2*q, -4*t - 2639 = 5*q. Let f = q - -1067. List the prime factors of f.
2, 67
Let o(g) = -48*g + 207. What are the prime factors of o(-74)?
3, 7, 179
Let y = 1288 + -25. Suppose -5*b = -g + 427, -3*b = g + 2*g - y. What are the prime factors of g?
2, 211
Suppose b + 22 = 12*b. Let z be (-87)/b - (45/10 + -4). Let g = 157 + z. What are the prime factors of g?
113
Let r(u) = 967*u - 2686. What are the prime factors of r(7)?
3, 1361
Let t(h) = 18*h**2 - 182*h + 28. List the prime factors of t(22).
2, 37
Let u be 2/(-2) + -103*(-2 + 3). Let v = 